
Let f = 135 - 83. Suppose -5*o + 3 = -f. What is the highest common divisor of 44 and o?
11
Let j(a) = 8*a**2 + a + 1. Let m(y) = -y**3 + 5*y**2 - 4*y - 1. Let w be m(4). Let i be j(w). What is the greatest common divisor of i and 4?
4
Let k = 11 - 60. Let s = 69 + k. Let f be -1 + (-1 - 104/(-2)). What is the greatest common factor of f and s?
10
Let g(t) = 54*t - 16. Let l be g(9). Suppose q - 146 = -k - 3*q, -l = -3*k + 4*q. Calculate the greatest common divisor of k and 22.
22
Suppose -4*i = -0*c + 2*c - 1102, -5*i = -3*c - 1350. What is the greatest common divisor of 21 and i?
21
Let l = -64 + 127. What is the highest common divisor of l and 9?
9
Suppose q + 2*q = 141. Let f = 83 - q. Suppose i = -3*i + f. Calculate the highest common divisor of i and 63.
9
Let j(c) = -c**2 + 8*c - 6. Let p be j(6). Let q be 2/p - (-6958)/6. Let g be q/36 - (-4)/(-18). Calculate the highest common divisor of 48 and g.
16
Suppose 0 = -3*t - 5*p + 80, 3*p = 4*t - 173 + 18. Let s(j) = j**3 + 4*j**2 - 3*j - 4. Let f be s(-3). Calculate the highest common factor of t and f.
7
Suppose 0 = 2*u + 2*b - 10, 2*b = -3*b + 10. Suppose 5*j + 24 = 2*a, 3*a = j + u*j + 29. What is the greatest common factor of a and 14?
7
Let m = 95 - 83. Calculate the greatest common divisor of 12 and m.
12
Let n = -50 - -110. Let u(z) = z**3 - 4*z - 3. Let l be u(3). Calculate the greatest common factor of n and l.
12
Let l(y) = y**2 + 2*y + 2. Let a be l(-2). Suppose -3*t + 19 = -a. What is the greatest common divisor of t and 28?
7
Suppose r - f - 14 = 0, -6*r - 3*f = -r - 38. Calculate the highest common divisor of r and 2.
2
Let a be (20/(-16) + 0)*-32. What is the greatest common divisor of a and 100?
20
Let y be 1/3 + 22/6. Let x = 6 - 7. Let m = 3 - x. Calculate the greatest common divisor of m and y.
4
Let l(j) be the first derivative of -14*j**2 + 2*j - 4. Let r be l(-1). What is the highest common factor of 6 and r?
6
Suppose p - l = -4*l + 72, 104 = 2*p - 4*l. Suppose -2*z = 3*z - p. Calculate the greatest common factor of z and 12.
12
Suppose 0 = -2*r + 4*x + 350, -3*r - 2*r = -5*x - 895. Let n = r - 105. What is the highest common factor of 52 and n?
26
Let n(g) = -g**2 + 7*g - 8. Let a be n(6). Let o(d) = -15*d. Let c be o(a). Calculate the greatest common divisor of c and 12.
6
Let m = 43 - 32. What is the greatest common divisor of 121 and m?
11
Let v = -15 + 19. Suppose -53 = -5*y - p, -y - p = -v*p - 17. Calculate the highest common divisor of 99 and y.
11
Let l(x) = -19*x - 73. Let q be l(-7). Calculate the highest common factor of q and 15.
15
Suppose q + t - 121 = 4, -4*q + t + 505 = 0. Suppose -h - 2*x + 70 = -0*h, 2*h - 3*x = q. Calculate the highest common divisor of h and 11.
11
Let d = -44 - -52. What is the greatest common factor of 88 and d?
8
Suppose 0 = -2*v - 15 + 5. Let d(c) = -7*c - 8. Let p be d(v). What is the greatest common divisor of 18 and p?
9
Let x = 6 + -1. Calculate the greatest common factor of x and 45.
5
Suppose z + 4 = 3*z. What is the greatest common factor of z and 6?
2
Let m(u) = u - 1. Let d(b) = b**2 - 2*b. Let o(k) = d(k) - 2*m(k). Let t be o(7). What is the highest common divisor of t and 92?
23
Let r be (-3)/(-9) - 3/9. Let u = r - -5. Calculate the greatest common divisor of 35 and u.
5
Let g be ((-30)/9)/((-2)/6). Let k(j) = j**2 + 5*j + 4. Let d be k(-5). What is the greatest common factor of d and g?
2
Suppose 124 = -7*k + 11*k. Calculate the greatest common divisor of 217 and k.
31
Suppose -r + 5*d - 40 = -2*r, -3*d - 8 = -r. What is the highest common factor of 8 and r?
4
Let r be (-365)/(-5) + (-2 - -1). What is the greatest common divisor of r and 9?
9
Let b(a) = -a**3 + 4*a + 6. Let y be b(-4). What is the greatest common divisor of y and 6?
6
Suppose 14*o - 180 = -40. Calculate the highest common divisor of o and 260.
10
Let d(i) = 8*i**2 + 4*i + 4. Let y be d(-3). Let t(p) = -p + 7. Let b be t(-9). What is the greatest common factor of y and b?
16
Let o(y) = -19*y + 7. Let a(n) = 39*n - 15. Let h(l) = -6*a(l) - 13*o(l). Let u be h(1). Suppose -x - 240 = -6*x. What is the greatest common factor of u and x?
12
Suppose -b + 3*b - 90 = 0. What is the highest common divisor of b and 18?
9
Suppose -3*s - 4*p = -4 - 11, -p = 0. What is the greatest common factor of 1 and s?
1
Let k(p) = -p**3 - 2*p**2 - p - 1. Let m be 1/1 + -6 + 2. Let a be k(m). Let z(f) = -7*f - 3. Let y be z(-2). Calculate the greatest common factor of a and y.
11
Let y(w) = w**2 + 7*w + 5. Let r be y(-9). What is the greatest common factor of r and 184?
23
Let i be (1 + -1 + 0)/(-1). Let t = -30 + 38. Suppose i = -3*c - c + t. Calculate the highest common divisor of c and 22.
2
Let q be -12*(-2 + 1) - -3. Calculate the highest common divisor of q and 6.
3
Suppose -1666 = -11*d - 401. Calculate the highest common factor of d and 5.
5
Suppose -6*b + 3*m = -2*b - 305, -2*m = 2*b - 170. Calculate the greatest common factor of b and 32.
16
Let a(s) = -s**2 + 16*s - 11. Let x be a(14). What is the greatest common divisor of x and 51?
17
Let m = 5 - 8. Let t = 1 - m. Calculate the highest common divisor of t and 12.
4
Let z be ((-48)/15)/(2/(-135)). Calculate the highest common factor of z and 27.
27
Let y(s) = -s**3 - 10*s**2 + 8*s - 6. Let k be y(-11). Let i = 0 + 41. Suppose h = i + k. Calculate the highest common factor of 17 and h.
17
Suppose -5*h + 0 = -25, 5*h = -5*f + 35. What is the greatest common factor of 5 and f?
1
Let t be (4/5 - 0)*-5. Let y = t + 5. What is the greatest common factor of y and 5?
1
Let m = 486 - 326. Suppose -5*z + 57 = -43. Calculate the highest common divisor of z and m.
20
Let r(u) = u**2 - 3*u - 6. Let b = 0 - 1. Let a(z) = -z - 1. Let i(j) = b*r(j) + 5*a(j). Let f be i(-2). What is the greatest common factor of f and 8?
1
Let b(d) = -d**3 - 5*d**2 - 6*d - 5. Let w be b(-4). Calculate the greatest common divisor of 9 and w.
3
Suppose 3*p = -2 - 40. Let s = p + 62. Calculate the greatest common divisor of 16 and s.
16
Suppose -3*l - 12*l = -840. What is the highest common factor of 84 and l?
28
Suppose -16 = -2*c - 2*a, -5*a = 3*c - 1 - 29. What is the greatest common divisor of c and 20?
5
Suppose -5*x + 1728 = x. What is the greatest common factor of x and 32?
32
Suppose 5*h - 226 = y, 0 = -5*h + 3*y + 15 + 213. What is the greatest common factor of 5 and h?
5
Let z be 1 + -1 - -1 - -17. Suppose w + 231 - 276 = 0. Calculate the greatest common factor of z and w.
9
Let m be -2 - (-1 + 2) - -23. Calculate the greatest common divisor of m and 80.
20
Let n be (2 + 1)*(-60)/(-9). Let q = n - 11. Suppose q*a - 30 = 4*a. Calculate the highest common factor of 18 and a.
6
Let l = 2 + 2. Let q = 94 - 92. What is the highest common factor of q and l?
2
Let y(c) = 6 - 20 + 9 - 2*c. Let o be y(-5). Calculate the greatest common factor of o and 35.
5
Let m(v) = -v**3 - 3*v**2 - 2*v + 1. Let g be m(-2). Calculate the greatest common factor of g and 11.
1
Let j(x) = 2*x**2 + 3*x - 8. Let z be j(-4). What is the greatest common factor of z and 8?
4
Suppose -4*q + 5*x = -44, q + 4 - 15 = 4*x. Calculate the highest common factor of 44 and q.
11
Let v = 65 + -33. Let t be (3/(-6))/((-2)/v). What is the greatest common factor of 56 and t?
8
Let m(o) = -o + 11. Let h be m(-11). Let q be (-2)/((-26)/h - -1). Let d = -34 + 89. Calculate the highest common divisor of d and q.
11
Let j be (-38)/(-4)*(8 + -2 + -4). Let a(l) = 8*l**2 - 6*l + 1. Let i be a(5). Calculate the highest common factor of i and j.
19
Let x(n) = n**3 + 8*n**2 + 7*n - 3. Let q be x(-6). Suppose -a - q = -3*a - f, 2*a = -3*f + 33. Calculate the highest common factor of a and 12.
12
Let d(h) = 5*h**2 + 8*h - 4. Let x be d(-7). What is the highest common factor of x and 37?
37
Let p be 3/2*360/27. What is the greatest common divisor of 10 and p?
10
Let f = -1343 + 781. Let y be f/(-8) + 1/(-4). Suppose -5*c + 4*o + y = 0, o - 4 = c - 18. What is the highest common divisor of 126 and c?
14
Let d = 35 + -13. Suppose -3*i + 16 = -50. What is the highest common divisor of i and d?
22
Let v be (-4 + 3 + 2)*19. What is the greatest common divisor of 19 and v?
19
Let s(j) = j**3 + 3*j**2 - j + 3. Let i be s(3). Calculate the greatest common divisor of 81 and i.
27
Let l be 6/9*-6*11